of 4865844376?
2, 608230547
What are the prime factors of 4908887643?
3, 11, 37, 193, 563
List the prime factors of 1907615168.
2, 29806487
What are the prime factors of 479768511?
3, 41, 229, 17033
What are the prime factors of 5534644?
2, 883, 1567
What are the prime factors of 806038716?
2, 3, 7, 659, 14561
What are the prime factors of 3533900259?
3, 1177966753
List the prime factors of 8721752543.
7, 21419, 58171
List the prime factors of 68417278.
2, 34208639
List the prime factors of 233170110.
2, 3, 5, 863593
What are the prime factors of 42524328?
2, 3, 7, 11, 23011
List the prime factors of 135088193.
135088193
List the prime factors of 34461738.
2, 3, 1914541
List the prime factors of 57866641.
7, 8266663
List the prime factors of 117883476.
2, 3, 61, 53681
What are the prime factors of 130225298?
2, 7, 9301807
What are the prime factors of 93985569?
3, 3480947
List the prime factors of 1147313689.
19, 29, 31, 67169
List the prime factors of 380815372.
2, 7, 2617, 5197
List the prime factors of 1556262151.
1556262151
List the prime factors of 43801098.
2, 3, 11, 663653
What are the prime factors of 1853004461?
7, 11, 43, 67, 8353
List the prime factors of 117092726.
2, 433, 135211
List the prime factors of 48200954.
2, 2267, 10631
What are the prime factors of 16294953?
3, 229, 23719
What are the prime factors of 58759064?
2, 7, 13, 80713
What are the prime factors of 2458631?
7, 23, 15271
List the prime factors of 173696232.
2, 3, 7237343
List the prime factors of 343465091.
343465091
What are the prime factors of 29834015?
5, 5966803
What are the prime factors of 3730522?
2, 1865261
What are the prime factors of 325300596?
2, 3, 19, 37, 38561
List the prime factors of 8687420.
2, 5, 7, 62053
List the prime factors of 51455921.
11, 1373, 3407
List the prime factors of 389211398.
2, 139, 977, 1433
List the prime factors of 65639915.
5, 11, 79, 15107
What are the prime factors of 223162524?
2, 3, 13, 19, 25097
List the prime factors of 2043978219.
3, 19, 173, 853
List the prime factors of 711423550.
2, 5, 71, 200401
What are the prime factors of 22039275?
3, 5, 29, 10133
What are the prime factors of 2809533269?
43, 1619, 40357
What are the prime factors of 9723610?
2, 5, 13, 74797
What are the prime factors of 2207141055?
3, 5, 7, 131, 283
List the prime factors of 82683927.
3, 9187103
What are the prime factors of 1150416479?
31, 71, 522679
What are the prime factors of 725597418?
2, 3, 7, 13, 41, 32413
List the prime factors of 4575861565.
5, 11, 83197483
What are the prime factors of 36639370?
2, 5, 401, 9137
List the prime factors of 2020054607.
479, 4217233
What are the prime factors of 47197133?
6229, 7577
What are the prime factors of 69771545?
5, 31, 41, 10979
List the prime factors of 1269090206.
2, 634545103
List the prime factors of 25442447.
2203, 11549
What are the prime factors of 3547961?
3547961
What are the prime factors of 287032301?
17, 16884253
List the prime factors of 3756296131.
7, 241, 2226613
What are the prime factors of 311397709?
7, 67, 663961
List the prime factors of 1414948753.
19, 23, 3237869
List the prime factors of 5164422554.
2, 17, 151894781
List the prime factors of 242860693.
242860693
What are the prime factors of 1496758762?
2, 748379381
List the prime factors of 1288539126.
2, 3, 7, 10226501
What are the prime factors of 4124902461?
3, 359, 3829993
List the prime factors of 2906300083.
2179, 1333777
List the prime factors of 103723004.
2, 7, 11, 48109
List the prime factors of 413853324.
2, 3, 34487777
What are the prime factors of 47644216?
2, 29, 137, 1499
List the prime factors of 76032109.
17, 4472477
What are the prime factors of 2687765852?
2, 2011, 334133
List the prime factors of 131199638.
2, 65599819
What are the prime factors of 60019261?
60019261
What are the prime factors of 1997855858?
2, 953, 1048193
List the prime factors of 1285135077.
3, 17, 25198727
What are the prime factors of 3017916570?
2, 3, 5, 139, 723721
What are the prime factors of 458074971?
3, 19, 233, 11497
List the prime factors of 3509850630.
2, 3, 5, 11, 13, 74377
List the prime factors of 48033300.
2, 3, 5, 7, 89, 257
List the prime factors of 656994644.
2, 37, 61, 1193
List the prime factors of 71914729.
269, 267341
List the prime factors of 36255532.
2, 227, 39929
List the prime factors of 3786235733.
7, 17, 41, 59, 1879
What are the prime factors of 1369734199?
61, 22454659
What are the prime factors of 6712764536?
2, 839095567
List the prime factors of 596587908.
2, 3, 7, 457, 15541
List the prime factors of 530438715.
3, 5, 11787527
What are the prime factors of 464232484?
2, 116058121
List the prime factors of 383660471.
17, 3967, 5689
List the prime factors of 4115061816.
2, 3, 43, 223, 17881
What are the prime factors of 598287535?
5, 71, 1685317
What are the prime factors of 5314544291?
7, 241, 3150293
List the prime factors of 70237950.
2, 3, 5, 468253
What are the prime factors of 505304886?
2, 3, 19, 563, 7873
List the prime factors of 3562666559.
29, 773, 158927
List the prime factors of 46725490.
2, 5, 7, 667507
List the prime factors of 393649500.
2, 3, 5, 262433
What are the prime factors of 69480707?
69480707
List the prime factors of 503235593.
7, 67, 1072997
What are the prime factors of 5669647810?
2, 5, 2579, 219839
What are the prime factors of 508980461?
11, 46270951
List the prime factors of 13925577.
3, 101, 45959
What are the prime factors of 123900152?
2, 67, 139, 1663
What are the prime factors of 751477126?
2, 375738563
List the prime factors of 932187624.
2, 3, 113, 343727
What are the prime factors of 2965323270?
2, 3, 5, 7, 13, 1086199
What are the prime factors of 4623883692?
2, 3, 61, 1019, 6199
What are the prime factors of 4673343774?
2, 3, 11, 70808239
List the prime factors of 143167871.
7, 11, 1859323
List the prime factors of 2588582005.
5, 83, 6237547
List the prime factors of 6914903.
17, 71, 337
List the prime factors of 307483146.
2, 3, 17082397
List the prime factors of 167497455.
3, 5, 11166497
What are the prime factors of 52084622?
2, 499, 52189
What are the prime factors of 75140978?
2, 11, 179, 19081
What are the prime factors of 3426719768?
2, 19, 23, 563, 1741
What are the prime factors of 449784748?
2, 7, 113, 142157
List the prime factors of 340593314.
2, 41, 1181, 3517
What are the prime factors of 106411604?
2, 13, 89, 22993
What are the prime factors of 24867059?
7, 507491
What are the prime factors of 77211080?
2, 5, 31, 71, 877
What are the prime factors of 1155115683?
3, 23, 5580269
What are the prime factors of 371048071?
53, 227, 30841
What are the prime factors of 21747358?
2, 241, 45119
What are the prime factors of 740791608?
2, 3, 19, 41, 39623
What are the prime factors of 1248458669?
19, 137, 479623
List the prime factors of 33371143.
13, 389, 6599
What are the prime factors of 4619642064?
2, 3, 19, 73, 69389
List the prime factors of 3112000406.
2, 1556000203
What are the prime factors of 1037313048?
2, 3, 43221377
What are the prime factors of 103069080?
2, 3, 5, 41, 6983
What are the prime factors of 1289833978?
2, 367, 1757267
List the prime factors of 168741399.
3, 433, 129901
What are the prime factors of 121043107?
8167, 14821
What are the prime factors of 2898878?
2, 1449439
List the prime factors of 1895285038.
2, 941, 1007059
List the prime factors of 5577634431.
3, 17, 47, 5501
What are the prime factors of 3491758459?
7, 19, 26253823
What are the prime factors of 16620979?
439, 37861
What are the prime factors of 2819820448?
2, 199, 257, 1723
List the prime factors of 777177341.
37, 2273, 9241
What are the prime factors of 75162660?
2, 3, 5, 1252711
List the prime factors of 777825.
3, 5, 3457
List the prime factors of 212080961.
212080961
List the prime factors of 991970506.
2, 19, 26104487
List the prime factors of 78596750.
2, 5, 23, 13669
List the prime factors of 4869123864.
2, 3, 11, 331, 55721
What are the prime factors of 2793435190?
2, 5, 7, 13, 103, 29803
What are the prime factors of 3291461248?
2, 821, 31321
List the prime factors of 50547009.
3, 16849003
What are the prime factors of 72790321?
1579, 46099
What are the prime factors of 3374959731?
3, 11, 13, 17, 41, 11287
List the prime factors of 6579398946.
2,